the first derivative of -2*m**3 - 7*m**2/2 - 9*m - 1. Let g(o) = 5*o**2 + 6 + 6*o - 1 + 3. Let p(v) = -7*g(v) - 6*j(v). Determine p(0).
-2
Suppose 2*x + 0*x = -2. Let k = 1 + x. Let r(w) = 0*w**2 - 2*w**2 + w**3 + 3 - 2*w + k. Calculate r(3).
6
Let g = -62 + 56. Let s(n) = n**3 + 6*n**2 - n - 7. Calculate s(g).
-1
Let x(b) be the first derivative of b**3/3 - b**2/2 + 4*b - 7. Let f(i) be the first derivative of x(i). Give f(5).
9
Let g(v) = 6*v + 37. Let n be g(-6). Let w(t) = 22*t + 1. Give w(n).
23
Let f(n) = n**2 - 4*n + 4. Let i = -17 - -30. Let w be -6 + i + (-3)/1. Calculate f(w).
4
Let s(p) = -p**2 + 2*p + 1. Suppose 5*f = -w - 4, -4*f = 4*w + 10 + 6. Let v(u) = 4*u - 9. Let t be v(4). Let h = w + t. What is s(h)?
-2
Let i(c) = -c**3 - 6*c**2 - 4*c + 6. Suppose 0 = 2*b - 0*b - 6. Let u = b - -1. Suppose -5*d = -5*j - 20, 21 = -u*j - d - 0*d. What is i(j)?
1
Let v(i) be the second derivative of i**5/20 - 3*i**4/4 - 3*i**3/2 - i**2 + 3*i. What is v(10)?
8
Let y(t) = -t + 2. Let i be y(0). Let h(f) = f**3 - 4*f**2 + f**2 + i + 2*f - 6. Suppose o = -3*o + 2*a + 4, o - 11 = -2*a. Determine h(o).
2
Let d(g) = -g**2 + g + 2. Let r(n) = n**2 + 12*n. Let j be r(-12). Let p be d(j). Let y(t) = -3*t. Calculate y(p).
-6
Let s(o) = o**2 - o + 1. Let a(i) = -5*i**2 + 9*i - 13. Let x = -20 - -14. Let h(u) = x*s(u) - a(u). Give h(-5).
-3
Let l(m) = 2*m - 5. Let a(o) = -o**3 - 6*o**2 + 2*o + 9. Let x be a(-6). Let r(h) = h**2 - 3. Let d be r(x). Give l(d).
7
Let k be (5 - 2 - 2) + -4. Let p be (-3)/2*(-2)/k. Let v(l) be the third derivative of l**6/60 + l**3/6 + l**2. Give v(p).
-1
Suppose 0 = -2*w - 56 + 74. Let m(p) = p**3 - 9*p**2 + 2*p - 6. Give m(w).
12
Let y(g) = -g**2 - 7*g + 6. Let o be y(-6). Suppose 0*c + 2*c + o = 0. Let m(s) = -s**3 - 5*s**2 + 7*s + 3. Give m(c).
-3
Let f = -38 + 33. Let z(l) = -5 + 3*l - 4*l + 0*l. Give z(f).
0
Let k(d) = d**3 + d**2 + d - 9. Suppose 4*q + 5 = -7, -3*w - 3*q - 9 = 0. Determine k(w).
-9
Let p(k) = -k - 6. Let z be p(-4). Let s(u) = -4*u - 2. Let t(j) = 5*j + 3. Let m(n) = z*t(n) - 3*s(n). Calculate m(1).
2
Let z(a) = -a**2 + 5*a. Suppose -5*w + 36 = 2*n, 4*w + 5*n - 24 = 15. Calculate z(w).
-6
Suppose -11*g + 84 = -4*g. Suppose 5*j = 4*o - 8*o - 3, 0 = 4*j + g. Let t(a) = -4 - 4 - 2*a + 4. What is t(o)?
-10
Suppose 5*n - 6*c + c + 10 = 0, 0 = 3*n - 2*c + 1. Let f(i) = i**2 - 2*i - 1. Let o be f(n). Let p(y) = 4*y - 5 + 0*y**2 - 2*y**o + y**2. Calculate p(4).
-5
Let r = 3 - 3. Suppose g + 5 = 5*t - 2, -2*g = 3*t - 12. Suppose -3*w + 3 = -3*a - r*w, -3*a + 27 = g*w. Let l(z) = -z + 5. What is l(a)?
1
Let z(o) = -2*o**2 + 2*o - 2. Let i(n) = 3 + 28*n + 0*n**2 - 29*n + 3*n**2. Let g(d) = 3*i(d) + 4*z(d). Let k = -5 - -2. Calculate g(k).
-5
Let x(l) be the second derivative of -l**6/360 - l**5/30 - l**4/8 + 5*l**3/6 + 6*l. Let v(j) be the second derivative of x(j). What is v(-2)?
1
Let j(m) = 2*m + 6. Let h = -9 + 3. Let q be j(h). Let u = q - -4. Let r(g) = g**3 + 4*g**2 + g + 2. Calculate r(u).
8
Let r(c) be the second derivative of 2*c**3/3 + 3*c**2/2 - 2*c - 2. What is r(-8)?
-29
Let g(z) = z**3 - 7*z**2 + 9*z - 5. Let l(x) = -x**3 - 8*x**2 - 9*x - 8. Let y be l(-7). What is g(y)?
13
Let m(r) = -r**2 - r + 2. Let o be m(-2). Suppose 5*d + f + 35 = 0, o = 3*d - 4*f - 0*f + 44. Let c = d - -5. Let h(q) = -q - 1. Give h(c).
2
Let a(b) = -2*b**2 + 8*b - 3. Let p be 4/(-4)*-7 - 2. Determine a(p).
-13
Let s(g) = g - 1. Let r(z) = 4*z + 3. Let u(f) = r(f) - 3*s(f). Let y(k) = 6*k**3 - k**2 - 2*k - 1. Let p be y(-1). What is u(p)?
0
Let x be (-2)/15 - (-1545)/(-225). Let f(b) = -b**3 - 6*b**2 + 4*b - 2. Give f(x).
19
Let i(k) = k**2 - 4*k + 1. Let g be i(3). Let d = -4 - g. Let r(z) = 2*z**3 + z**2 + 1. Give r(d).
-11
Let h(v) = v**2 + v - 1. Let u(f) = -4*f**2 - 2*f + 7. Let s(n) = 3*h(n) + u(n). Determine s(3).
-2
Let m(a) be the first derivative of -a**5/60 - a**4/12 - a**3/6 - 2*a**2 - 5. Let s(x) be the second derivative of m(x). Let q be 1/2 - 14/4. Determine s(q).
-4
Suppose -q + 4*q = 5*i - 22, 3*i - 4*q - 22 = 0. Suppose 4*r = -0*h + 3*h + 17, -i*r + 14 = 4*h. Let o(f) = -15*f + 1. Determine o(h).
-14
Suppose 7*w - 81 = 66. Suppose 0 = 3*j - 3*d + w, -2*j + d - 4*d - 9 = 0. Let k(l) = l**2 + 8*l + 5. Calculate k(j).
-7
Let t be 2/(-9) - 35/45. Let u(q) = -4*q. Let p be u(t). Suppose z + 0 = p. Let a(b) = b**3 - 3*b**2 - b - 4. What is a(z)?
8
Let i(k) = 3*k**2 + 17*k + 56. Let r(f) = -f**2 - 6*f - 19. Let b(v) = 6*i(v) + 17*r(v). What is b(0)?
13
Let x(n) = 2*n**3 - 5*n**2 + 4*n - 1. Let j be x(3). Let k = -31 + j. Let i(q) = -q**3 - 10*q**2 + 10*q - 11. Let c be i(k). Let p(o) = o - 8. What is p(c)?
-8
Let q(r) = -8*r + 45. Let u be q(5). Let h(c) = c**2 - 8*c + 9. Calculate h(u).
-6
Let k(z) = z**3 - 4*z**2 - 5*z + 5. Let p be -5*(0/3 + -1). What is k(p)?
5
Let g(q) be the first derivative of -q**3/3 + 3*q - 1. Let p = 4 - 7. Calculate g(p).
-6
Let g(w) be the third derivative of w**5/30 - 5*w**4/24 + w**3/2 + 2*w**2. Suppose -2*a - 2*n = -1 - 7, 2*n - 8 = -3*a. Suppose a = 3*f - 4 - 5. Determine g(f).
6
Suppose -5*i = -3*r + 10, 2*i + 6*r = 2*r - 30. Let m(k) = 3*k**3 + 0 - 5*k**3 + 5 + 4*k**2 + 3*k**3 - 3*k. Give m(i).
-5
Let q(s) be the third derivative of -s**4/24 - 5*s**3/6 - 23*s**2. Calculate q(-6).
1
Let p = 13 + -9. Let y(f) be the third derivative of f**4/12 + f**3/3 - 5*f**2. Determine y(p).
10
Let x(a) = a + 3. Let c be x(4). Suppose 0 = o + s - 11, -5*o - c = 3*s - 52. Let p(u) = u**2 - 7*u - 2. Calculate p(o).
-8
Suppose -12*u + 12 = -0*u. Let j(t) = 21*t + 1. Give j(u).
22
Let q(w) = -w**2 + 3*w - 5. Let z(s) = -s**3 - 13*s**2 - 12*s + 4. Let v be z(-12). Give q(v).
-9
Let z(b) = -6*b**2 - b + 1. Let t(r) = r**2 + 6*r + 5. Let u be t(-6). Suppose 0 = 5*y - u. Give z(y).
-6
Let k = 9 + -9. Let w(p) be the first derivative of 0*p + p**2 - 2 + k*p. Determine w(3).
6
Let q(f) be the third derivative of f**4/12 - 5*f**2. Suppose 0 = -3*r + 2*x + 5 - 0, -4*r - 5*x = 24. Determine q(r).
-2
Let a(u) = 2*u + 8. Let m(p) = -p - 4. Let j(r) = -3*a(r) - 5*m(r). Give j(-5).
1
Let a = 25 + -24. Let x(y) = y**3 - y**2 + 1. Determine x(a).
1
Let r(c) be the third derivative of -c**6/120 + c**5/20 + c**4/3 - 2*c**3/3 + 12*c**2. Calculate r(5).
-14
Let c(m) be the third derivative of m**6/120 - 7*m**5/60 + m**4/24 - m**3 - 5*m**2. Determine c(7).
1
Let w(g) = g**2 - 5*g + 3. Suppose -3*p + 7 = -i, 0 = 3*p + 2*i - 26 + 4. What is w(p)?
-1
Let u = 0 - -1. Let y be 0 - (0 - (u - 2)). Let t be (-1 - y)/(-4 + 6). Let f(n) = -n + 7. Calculate f(t).
7
Let h(j) = 112 + j**2 - 14*j - 99 + 4*j. What is h(9)?
4
Suppose -10 = -2*r + 4*r. Let c(j) = j**3 + 6*j**2 + 5*j - 2. Give c(r).
-2
Let o(g) = 1 + 5 + 3*g - 9. Let i(l) = l**3 - l**2 - l + 1. Let b be i(2). Suppose 2*p = p + b. Determine o(p).
6
Suppose -32 = -0*p - 4*p. Let q(i) = 2*i + 0 - 5*i**2 + 1 + p*i**2 + 2*i**3. Give q(-2).
-7
Let k(s) = s**3 - 7*s**2 + s - 3. Let w be k(7). Let o be (-2)/w - 2/(-4). Suppose o*m + 4 = m. Let x(v) = v**3 - 3*v**2 - 6*v + 6. What is x(m)?
-2
Let b(l) be the first derivative of l**2/2 - 2*l + 5. Calculate b(3).
1
Suppose -2*l - 3*l - 4*j = -1, 0 = 2*l - 2*j - 4. Let s be l*(-5 + 2)*-1. Suppose 2*r = -s*r - 20. Let v(q) = q**3 + 4*q**2 + 4. What is v(r)?
4
Let v(s) = -s**3 + 5*s**2 + 4*s + 7. Suppose -2*x + 32 = -3*i - 2*i, 3*x - 2*i = 26. Determine v(x).
-5
Let d(i) = i**2 + 4*i - 3. Suppose 3*h - 8 = -q + 7*h, -3*q = -4*h. Calculate d(q).
-3
Suppose 3*l = -5*m - 2, 0*m + 2 = 3*m + l. Let f(h) = 3*h. Give f(m).
6
Let j(x) = -x**2 + 12*x - 2. Let g(k) = 2*k**2 - 25*k + 5. Let z(v) = 3*g(v) + 7*j(v). Determine z(8).
9
Let x(r) = r**3 - 11*r**2 + 11*r - 8. Let q be x(10). Let s(j) = 4*j - 2. Give s(q).
6
Suppose 0 = 2*a - 4*a + 16. Let m(r) = -r**2 + 7*r + 8. Give m(a).
0
Let o(k) be the third derivative of -k**7/2520 + k**6/144 + 7*k**5/120 - k**4/24 + k**2. Let q(s) be the second derivative of o(s). What is q(6)?
1
Let f(g) be the first derivative of -g**2 - 6*g + 1. Let c = -3 - -2. Let v be ((-20)/(-8))/(c/2). What is f(v)?
4
Let a be 2/3 - (-35)/(-21). Let w(u) = -15*u**3 - u**2 - 2*u - 1. Let j(z) = -z**3. Let l(v) = -4*j(v) + w(v). Determine l(a).
11
Let q(d) = d - 2*d - d**3 - 5 + 13. Let f = 19 + -19. Calculate q(f).
